*w, -5*g + y*w + 4*w = -149. What is the remainder when g is divided by h?
14
Suppose -2*w = -3*w + 5*n + 19, 5*w = 2*n + 49. Let o = 46 - 14. Calculate the remainder when o is divided by w.
5
Let l(a) = -21*a - 33. Calculate the remainder when 12 is divided by l(-2).
3
Let i(o) = 2*o**2 + 8*o + 5. Let b be i(-4). Suppose -c = -5*n, -b*c + 143 = 5*n + 23. Calculate the remainder when c is divided by 7.
6
Suppose -d = -5*v + 332, -9*v - 3*d = -5*v - 258. Let t = 11 - 1. What is the remainder when v is divided by t?
6
Suppose -3*g - 1124 = -1331. Calculate the remainder when g is divided by 24.
21
Let k = 59 + 6. Let j = -937 + 955. Calculate the remainder when k is divided by j.
11
Let z(h) = -12*h - 7. Suppose -143 = -4*x + 201. Suppose 0 = -5*r - 31 + x. Calculate the remainder when z(-5) is divided by r.
9
Let m(q) = 3*q**2 + 12*q + 27. What is the remainder when 483 is divided by m(-3)?
15
Let f(n) be the second derivative of n**5/20 + n**4/3 - n**3 - 2*n**2 - 3*n. Let r be f(-5). Suppose -d + 7 = -r. What is the remainder when d is divided by 5?
3
Let y(k) = -2*k**3 - 12*k**2 - 12*k - 6. Let m be y(-5). Suppose -m*i - 7 = -147. Calculate the remainder when 1/(-3) + 824/6 is divided by i.
32
Suppose 0 = f + 2*r - 10, 3*r - 1 = f + 9. Suppose 11 = f*q + 1. Suppose q*j + 5 - 50 = -5*n, 3*n = -3. Calculate the remainder when 19 is divided by j.
9
Suppose 5*b + 2*l = 261 + 5, -2*b + 106 = l. Suppose -16*v + 44 = -12*v. Calculate the remainder when b is divided by v.
10
Let x be 13 - 6/(-4 - -1). Suppose 86*z - 87*z + x = 0. What is the remainder when 73 is divided by z?
13
Calculate the remainder when (-1 + (-44)/(-24))*6 - -379 is divided by 9.
6
Suppose -34*x + 0*x + 680 = 0. Calculate the remainder when 275 is divided by x.
15
Calculate the remainder when 3 + -3 + 74 - 1*3 is divided by 41.
30
Suppose -2*j + 6*j + 444 = 4*b, -b = 5*j - 87. Calculate the remainder when b is divided by 37.
33
Calculate the remainder when (226 + 1)/1 + 2034/339 is divided by 60.
53
Let a = -9 + -5. Let z be (a/4)/7*8. Let s(h) = -h + 4. Calculate the remainder when s(z) is divided by 3.
2
Let o = 61 - 89. Let j = -9 - o. Suppose 0 = -j*m + 21*m - 10. Calculate the remainder when 14 is divided by m.
4
Let h = -15 + 20. Suppose -2*q - 8 + 64 = 2*c, -h*c = -15. What is the remainder when q is divided by 7?
4
Let a be 121/7 + ((-40)/28)/5. Let w = a + 5. What is the remainder when 59 is divided by w?
15
Let o = -5 - -7. Let g(k) = 3*k - 2 + 2*k**o - 2*k**2 - 4*k + 3*k**2. What is the remainder when 13 is divided by g(2)?
5
Suppose 8*s - 30 = 3*s. Suppose s*t = 7*t. Suppose 2*k - 63 + 15 = t. Calculate the remainder when k is divided by 13.
11
Let v be -1 + 1 + (-25 - -21). What is the remainder when 2/v - 1470/(-28) is divided by 27?
25
Let r = 90 - 106. Let j = r + 33. Calculate the remainder when 112 is divided by j.
10
Suppose 0*s + 2*s - 18 = 0. Let c be 785/s + 8/(-36). Suppose -o + 2*a = -43, 3*o - c = o + 3*a. What is the remainder when o is divided by 24?
21
Let j = 29 + -29. Suppose j = l - 7*l + 60. Calculate the remainder when l is divided by 4.
2
Let b = 80 - 52. Let q be (-3 + 1)*3/(-2). Suppose -q*t - b = -3*w + w, -2*w = -t - 20. What is the remainder when 14 is divided by w?
6
Let u = -48 + 125. What is the remainder when 846 is divided by u?
76
Suppose -2*t + 6*t = 48. Let f be (3 + 507)*((-8)/6 + 2). Suppose 9*q - f = -25. What is the remainder when q is divided by t?
11
Let b(l) = -9*l**3 - 4*l**2 + 7*l - 4. Let j be b(-3). Let d = 276 - j. What is the remainder when d is divided by 12?
10
Let y(a) be the second derivative of a**4/12 - 2*a**2 - 3*a. Calculate the remainder when y(7) is divided by -8*((-15)/6 + 1).
9
Let q(s) = 3*s - 13. Let j be q(6). Let f be (j/15)/(2/258). Suppose 4*k = z - f, -z + 3*z - 2*k - 74 = 0. What is the remainder when 68 is divided by z?
33
Suppose 3*d - 173 = 11*i - 13*i, -375 = -5*i + 4*d. Calculate the remainder when i is divided by 19.
3
Let j(w) = w + 43. Calculate the remainder when 127 is divided by j(4).
33
Let o(d) = d**2 - 61*d + 386. Calculate the remainder when 36 is divided by o(54).
4
Suppose m + 5*t + 20 = 0, -5*m + 5*t = -2*m + 40. Let q(n) = 2*n**2 + 21*n + 9. Calculate the remainder when q(m) is divided by 21.
18
Let d(l) = 47*l - 123. Calculate the remainder when d(3) is divided by 11.
7
Suppose -34*x + 6395 + 10843 = 0. What is the remainder when x is divided by 64?
59
Let j = -923 + 1368. Suppose 0 = -4*z + 2*d + 356, -z - 4*z + j = -d. What is the remainder when z is divided by 30?
29
Let t(w) = w**2 - 7*w + 2. Suppose -27 = -5*y + c, 4*y + c - 16 = -c. Let f be t(y). What is the remainder when 17 is divided by (-2)/f + (-117)/(-12)?
7
Let d = 6 - -12. Suppose 8*z - 320 = 248. What is the remainder when z is divided by d?
17
Suppose -4*a + 107 = 3*h, -h - 4*a + 40 = -7*a. What is the remainder when 289 is divided by h?
30
Let a = -132 - -137. Calculate the remainder when a is divided by 2.
1
Suppose 5*o + 4*l = 3*o + 282, 723 = 5*o + l. Let y = -60 + o. Calculate the remainder when y is divided by 29.
27
Suppose -x + 14 = -0*x - 4*r, -2*r = -3*x + 12. Suppose 0 = 5*v - 2*i - 502, -x*v + 3*v = i + 98. What is the remainder when v is divided by 21?
18
Let o(u) = 12*u - 17. Let f = 110 - 105. What is the remainder when o(f) is divided by 17?
9
Suppose 25 = 2*o - 9. Let n(k) = -16*k**3 + k**2 - 2*k - 2. Calculate the remainder when n(-2) is divided by o.
15
Suppose 11*p - 1101 = 857. What is the remainder when p is divided by 61?
56
Suppose -3*z + 19 = 2*o, 0*o = z - 3*o - 10. Suppose -2*h + 27 = z. What is the remainder when 3*(27/(-3))/(-1) is divided by h?
7
Suppose -3*f = 3*r - 15 - 0, -5*r + 23 = 3*f. Let v be (-1)/(-2)*(f + 1). Suppose 0 = -o + 34 + v. What is the remainder when o is divided by 12?
11
Let i be (-72)/(-30)*10/3. Let t = i - 3. Suppose 2*b - t*g - 130 = -0*b, 0 = -2*b - 2*g + 144. What is the remainder when b is divided by 18?
16
Let a = 13 - -57. What is the remainder when 415 is divided by a?
65
Let h(f) = 30*f**2 + 2*f + 1. Let c be h(-1). Suppose -74 + c = -3*b. Let g(i) = -5*i - 6. What is the remainder when g(-7) is divided by b?
14
Suppose 0 = 2*f - 591 + 577. What is the remainder when 27 is divided by f?
6
Suppose -2*w - 3*g = -20, 3*w + 0*w = g + 52. Suppose w = v - 5*v, 0 = 5*j - v - 29. Suppose 83 = j*x - 102. What is the remainder when x is divided by 20?
17
Suppose -370 = -11*y + 268. Let l = 62 - y. Suppose 0 = a - 14 - 8. Calculate the remainder when a is divided by l.
2
Let o(p) = 2*p**3 - 23*p**2 - 12*p + 38. Calculate the remainder when 66 is divided by o(12).
28
Let b = 4 - 4. Suppose 4*i + 0*i = b. Suppose -4*m - 2*g + 158 = i, 92 = 5*m + 5*g - 113. Calculate the remainder when m is divided by 10.
8
Let w(k) = 2*k**2 + 57*k + 34. Suppose -7*g - 54 = -9*g. Calculate the remainder when g is divided by w(-28).
3
Let j = 921 + -332. Calculate the remainder when j is divided by 46.
37
Suppose 15 = 3*q - 3*p, -4*p = -3*q + 31 - 16. Calculate the remainder when 41 is divided by q.
1
Suppose 0 = 2*m + 2*i - 213 + 69, 3*m - i - 208 = 0. What is the remainder when m is divided by 18?
16
Suppose 3*t = -6, 4*i - t - 34 = 4*t. Let b(h) = 2*h**3 - 2*h**2 + 1 - h - 7*h**3 + 4*h**3 - i*h**3. What is the remainder when b(-2) is divided by 18?
15
Let i(r) = -r**3 + 11*r**2 - 22*r - 39. What is the remainder when 105 is divided by i(6)?
6
Let p(f) = -50*f. Calculate the remainder when p(-1) is divided by 2*3/(-6)*(-65)/5.
11
Let y(k) = 58 - k + 2*k - k**2 + 43*k**3 - 56. Let u be y(-2). Calculate the remainder when 114 is divided by (-2)/3*u/8.
27
Let y = 0 + 1. Suppose w - y - 21 = 0. What is the remainder when w is divided by 13?
9
Let m(l) = 6*l + 28. Let d be m(-6). Let w(q) = -4*q - 4. What is the remainder when w(d) is divided by 15?
13
Let r be 8/2*15/12. Calculate the remainder when 15/(7 - 2) + r is divided by 7.
1
Suppose 21 = 4*d - 31. Let g be (-10)/175*-5 + (-26)/(-7). Suppose 4*r = -r + 4*y + 103, -2*y = g*r - 98. Calculate the remainder when r is divided by d.
10
Let a(j) = j**2 + 4*j. Calculate the remainder when a(3) is divided by (-20)/(-72) + 10/45 - 42/(-4).
10
Let x(i) = -i**3 + 5*i**2 - 2*i + 4. Let u be x(5). Let o(q) = -14 - 4*q - 7*q + 6 + 8*q. Ca